11000001100010110
In base 5, what is 101322234 + -104?
101322130
In base 8, what is -7 - 1266534016?
-1266534025
In base 15, what is a19556 - c?
a19549
In base 6, what is 310011 + 1242?
311253
In base 9, what is -7174464 + -1?
-7174465
In base 11, what is -5 - -3187970?
3187966
In base 11, what is -795 - -1396?
701
In base 14, what is 710 + 37c12?
38522
In base 14, what is 508 - -1dd70b?
1ddc15
In base 15, what is 1 + 11682b3?
11682b4
In base 8, what is 22545 + -171?
22354
In base 11, what is -910108 + 172?
-90aa46
In base 15, what is 86 - 18e12?
-18d7b
In base 9, what is 0 - -5816152?
5816152
In base 7, what is -203221 - 10?
-203231
In base 6, what is -51 - 1012542313?
-1012542404
In base 12, what is -3130aa + -8?
-3130b6
In base 8, what is -427 + 7303?
6654
In base 2, what is 11 + -100101011011010011000110?
-100101011011010011000011
In base 3, what is -11211120111200 + 0?
-11211120111200
In base 11, what is -60a0 + 49161?
43071
In base 12, what is 7041 + -280?
6981
In base 12, what is -23 - 8ba28ab?
-8ba2912
In base 15, what is 2c8dc - 469?
2c473
In base 3, what is -21212001201 - -1101020?
-21210200111
In base 13, what is 10417b5 + -7c?
1041736
In base 5, what is 4 - 1210022243?
-1210022234
In base 13, what is -85b740 - -4?
-85b739
In base 9, what is -25 + -15426?
-15452
In base 12, what is 46802 + -12?
467b0
In base 9, what is 340281756 + -5?
340281751
In base 2, what is -101 - -111100001010101011001110?
111100001010101011001001
In base 7, what is 4 - 16232554?
-16232550
In base 3, what is -10002 - -10101210000?
10101122221
In base 9, what is 4 - 13571480?
-13571475
In base 14, what is 2d0 + -24666d?
-24637d
In base 5, what is 22 + -1440014241?
-1440014214
In base 12, what is 44 + -1639976?
-1639932
In base 12, what is -114 - -15b102?
15abaa
In base 5, what is 0 - 122233220043?
-122233220043
In base 4, what is -2102232101021111 - -11?
-2102232101021100
In base 12, what is a1b0 + -53a0?
4a10
In base 15, what is -20 + -7e11?
-7e31
In base 12, what is -25467a - -13?
-254667
In base 14, what is -10a + -4b3d?
-4c49
In base 9, what is 1 - 8485108?
-8485107
In base 16, what is -1a + 1b13b8?
1b139e
In base 14, what is -b9078 - -2?
-b9076
In base 13, what is 2508 - 576?
1c62
In base 9, what is -13083840 + 4?
-13083835
In base 16, what is 501d - -3396?
83b3
In base 2, what is 110010110001101110 + -1000101?
110010110000101001
In base 4, what is -31123321021 + 302?
-31123320113
In base 13, what is -2 - 23667a1?
-23667a3
In base 13, what is -3 - -6107a0c?
6107a09
In base 13, what is -394a + -596?
-4213
In base 7, what is -11661114 - -32?
-11661052
In base 2, what is 1111111 + -11100101101110111001011?
-11100101101110101001100
In base 6, what is 4 + 2343154205?
2343154213
In base 14, what is -4 + -60752b5?
-60752b9
In base 11, what is -155848 + -363?
-156100
In base 15, what is -d9b236a + -2?
-d9b236c
In base 9, what is -545086256 + -2?
-545086258
In base 13, what is 3a56 + 14535?
1828b
In base 16, what is -decba6a - 5?
-decba6f
In base 8, what is -230220 - 272?
-230512
In base 16, what is -74c + -5a4?
-cf0
In base 16, what is -94c9d + -9a?
-94d37
In base 16, what is 18e9954 - a?
18e994a
In base 4, what is 11001020003 + 3321?
11001023330
In base 16, what is 15fc58 - -3ef?
160047
In base 12, what is -a70 - -b687?
a817
In base 9, what is -355 - 54127?
-54483
In base 4, what is 330212112230 - -2?
330212112232
In base 4, what is 2211313021 - 2?
2211313013
In base 8, what is 23136416 + -33?
23136363
In base 9, what is -3 + -15671376?
-15671380
In base 5, what is -2021 - 12412222?
-12414243
In base 11, what is -209559621 + -1?
-209559622
In base 5, what is 33313302323 - 0?
33313302323
In base 11, what is -aa441 - 625?
-aaa66
In base 10, what is -8279953 - -12?
-8279941
In base 16, what is 375d48 - a?
375d3e
In base 3, what is 1 + -2022120020102110?
-2022120020102102
In base 3, what is -1000022221211100220 - 12?
-1000022221211101002
In base 4, what is -10 - -103330033132?
103330033122
In base 14, what is -2b9da + -c9?
-2bac5
In base 10, what is -485 + -423454?
-423939
In base 9, what is 586348 - 130?
586218
In base 8, what is -561 - 3563?
-4344
In base 10, what is 37277 + -189?
37088
In base 14, what is -524 - 29a5?
-30c9
In base 7, what is 504320 - -2236?
506556
In base 12, what is b3a950 + -1?
b3a94b
In base 7, what is -2 - 3315035351?
-3315035353
In base 7, what is -15562 + -140026?
-155621
In base 2, what is 111011 - -1010001000110100000000?
1010001000110100111011
In base 6, what is 4 - -230402125?
230402133
In base 4, what is -1 - 11201221022?
-11201221023
In base 13, what is -1717 + -3b?
-1755
In base 5, what is -3 + 20424014044?
20424014041
In base 6, what is -11422 + -231425?
-243251
In base 11, what is -349 + 43a23?
43685
In base 2, what is 1000010000 - 1001011100011101011?
-1001011011011011011
In base 13, what is 9b4327 + -35?
9b42c2
In base 2, what is 10010001111101111100100011111 + 101?
10010001111101111100100100100
In base 4, what is 21100 + 221123212?
221210312
In base 15, what is 16a0 + -74d0?
-5d30
In base 3, what is -1211220021 - -2002222?
-1202210022
In base 13, what is aa0 - -12c?
bcc
In base 16, what is 2 + -17496b?
-174969
In base 15, what is -41cdd4d0 + -3?
-41cdd4d3
In base 11, what is -964 - 6171?
-7025
In base 7, what is 3233 + 13132062?
13135325
In base 14, what is 98a00cc + 0?
98a00cc
In base 9, what is -188118084 - 13?
-188118107
In base 4, what is 1110330 - -331130?
2102120
In base 11, what is -5 - -669009?
669004
In base 5, what is 3402 - 133310314?
-133301412
In base 14, what is 96 - 23c1c?
-23b66
In base 15, what is -7eb1e - 7b?
-7eb9a
In base 5, what is 214424002 - 13?
214423434
In base 2, what is 10101111000110101 - -1001000?
10101111001111101
In base 7, what is -632422 - 101?
-632523
In base 12, what is 1 - a41b58?
-a41b57
In base 16, what is -39fa + 660f?
2c15
In base 10, what is 4901 + 1433?
6334
In base 15, what is 2 + 906808?
90680a
In base 12, what is -160b3 + -59?
-16150
In base 2, what is -100010 - -100111001100111001?
100111001100010111
In base 4, what is -1110311 - 2021300?
-3132211
In base 5, what is 2023323021 - -3?
2023323024
In base 15, what is -4 + 47a696?
47a692
In base 2, what is 10110001011000 - -10111100?
10110100010100
In base 14, what is -6 - -16a5a5?
16a59d
In base 14, what is 0 + -1476aa1?
-1476aa1
In base 11, what is 69a - 1058?
-469
In base 13, what is 3 + -1ac6305?
-1ac6302
In base 6, what is -3335123 + -103?
-3335230
In base 10, what is 7654109 - 4?
7654105
In base 14, what is aa2 - -36b3?
4375
In base 7, what is -4252563 + -452?
-4253345
In base 16, what is 2fd - -1fae?
22ab
In base 12, what is 11964 + 19b?
11b43
In base 13, what is b890871 - 3?
b89086b
In base 2, what is 111010010 + -100001000010100110?
-100000111011010100
In base 16, what is 8f - 10e157?
-10e0c8
In base 12, what is -38572707 - 9?
-38572714
In base 9, what is -3881324 + 8?
-3881315
In base 10, what is -3 + 28000105?
28000102
In base 9, what is -205 - 2811332?
-2811537
In base 9, what is 61010 - -472?
61482
In base 4, what is -110 - 112202220?
-112202330
In base 3, what is -110122 + 111120012102?
111112201210
In base 2, what is -1110001100100100100001 + 0?
-1110001100100100100001
In base 2, what is 1101000100001001101 - 10?
1101000100001001011
In base 4, what is 1201223321100 - 1?
1201223321033
In base 9, what is -1663558 + -20?
-1663578
In base 9, what is -212 - -464576?
464364
In base 13, what is 4 + -1157a34?
-1157a30
In base 10, what is -3295552 - 5?
-3295557
In base 11, what is 724203 - 102?
724101
In base 8, what is -6300350 - 15?
-6300365
In base 11, what is -44 - 269986?
-269a1a
In base 9, what is -160 + -17788?
-18058
In base 13, what is -4c - 29bc9?
-29c48
In base 7, what is -154 + 131310?
131123
In base 6, what is 125345152410 + 1?
125345152411
In base 2, what is 110010111000101 - 11001101?
110010011111000
In base 12, what is 2847466 + -2?
2847464
In base 11, what is -55a487a + 5?
-55a4875
In base 4, what is -13 + -2003010100211?
-2003010100230
In base 5, what is 2 + -1001121231311?
-1001121231304
In base 12, what is -6a + a4974?
a4906
In base 15, what is -10 - 41ce0?
-41d00
In base 8, what is 62 - 31665?
-31603
In base 2, what is 100011100100111010 + -11000100?
100011100001110110
In base 12, what is 555957b9 - 4?
555